{"id":369,"date":"2021-02-27T16:00:50","date_gmt":"2021-02-27T19:00:50","guid":{"rendered":"http:\/\/mova.noblogs.org\/?page_id=369"},"modified":"2021-05-13T20:30:24","modified_gmt":"2021-05-13T23:30:24","slug":"atuacao","status":"publish","type":"page","link":"https:\/\/mova.noblogs.org\/?page_id=369","title":{"rendered":"Atua\u00e7\u00e3o"},"content":{"rendered":"\n<p>Como o MOVA foi oficialmente formado em outubro de 2019, a maior parte de sua exist\u00eancia se deu dentro da pandemia do coronav\u00edrus. Mesmo assim, durante os anos que se passaram, conseguimos nos engajar em diversas a\u00e7\u00f5es. Aqui voc\u00ea pode conhecer um pouco mais do trabalho que estamos fazendo e entender como atuamos. <\/p>\n\n\n\n<hr class=\"wp-block-separator is-style-wide\" \/>\n\n\n\n<h1 class=\"has-text-align-center wp-block-heading\"><strong>Eventos Promovidos<\/strong><\/h1>\n\n\n\n<div class=\"wp-block-group\"><div class=\"wp-block-group__inner-container is-layout-flow wp-block-group-is-layout-flow\">\n<p><\/p>\n\n\n\n<h3 class=\"has-text-align-left wp-block-heading\"><strong>Encontro P\u00f3s-ENUVA<\/strong> <\/h3>\n\n\n\n<div class=\"wp-block-image is-style-rounded\"><figure class=\"aligncenter size-large is-resized\"><img loading=\"lazy\" decoding=\"async\" src=\"https:\/\/mova.noblogs.org\/files\/2021\/03\/Captura-de-tela-de-2021-03-06-17-17-28-1024x576.png\" alt=\"\" class=\"wp-image-447\" width=\"430\" height=\"241\" srcset=\"https:\/\/mova.noblogs.org\/files\/2021\/03\/Captura-de-tela-de-2021-03-06-17-17-28-1024x576.png 1024w, https:\/\/mova.noblogs.org\/files\/2021\/03\/Captura-de-tela-de-2021-03-06-17-17-28-300x169.png 300w, https:\/\/mova.noblogs.org\/files\/2021\/03\/Captura-de-tela-de-2021-03-06-17-17-28-768x432.png 768w, https:\/\/mova.noblogs.org\/files\/2021\/03\/Captura-de-tela-de-2021-03-06-17-17-28-1536x864.png 1536w, https:\/\/mova.noblogs.org\/files\/2021\/03\/Captura-de-tela-de-2021-03-06-17-17-28.png 1920w\" sizes=\"auto, (max-width: 430px) 100vw, 430px\" \/><figcaption>Parte das apresenta\u00e7\u00f5es do evento. Rolaram v\u00e1rias discuss\u00f5es sobre temas muito pertinentes!<\/figcaption><\/figure><\/div>\n\n\n\n<p>No 27 de outubro de 2019, foi neste evento em que o MOVA se consolidou, ocorreu o primeiro encontro P\u00f3s-Enuva em Porto Alegre, reunindo ativistas pela Liberta\u00e7\u00e3o Animal para construir coletivamente o veganismo anticapitalista e fortalecer as lutas por justi\u00e7a social contra o sistema especista, que esmaga tanto animais n\u00e3o humanos, como humanos. Confira nossa postagem no Instagram <a href=\"https:\/\/www.instagram.com\/p\/B4NcYtHlf5f\/\">aqui<\/a>.<\/p>\n\n\n\n<p><\/p>\n\n\n\n<hr class=\"wp-block-separator\" \/>\n\n\n\n<p><\/p>\n<\/div><\/div>\n\n\n\n<div class=\"wp-block-group\"><div class=\"wp-block-group__inner-container is-layout-flow wp-block-group-is-layout-flow\">\n<h3 class=\"has-text-align-left wp-block-heading\"><strong>Roda de Conversa sobre Veganismo Popular e Ecossocialismo &#8211; com Thiago \u00c1vila, em parceria com o Subverta<\/strong><\/h3>\n\n\n\n<div class=\"wp-block-image is-style-rounded\"><figure class=\"aligncenter size-large is-resized\"><img loading=\"lazy\" decoding=\"async\" src=\"https:\/\/mova.noblogs.org\/files\/2021\/02\/image-2.png\" alt=\"\" class=\"wp-image-372\" width=\"432\" height=\"324\" srcset=\"https:\/\/mova.noblogs.org\/files\/2021\/02\/image-2.png 454w, https:\/\/mova.noblogs.org\/files\/2021\/02\/image-2-300x225.png 300w\" sizes=\"auto, (max-width: 432px) 100vw, 432px\" \/><figcaption>Thiago \u00c1vila nos chamando para sonhar e lutar pela constru\u00e7\u00e3o de uma sociedade melhor<\/figcaption><\/figure><\/div>\n\n\n\n<p class=\"has-text-align-left\">No dia 29 de novembro de 2019, cerca de 100 pessoas se reuniram na Livraria Cirkula (<a href=\"https:\/\/www.instagram.com\/cirkula522\/\">@cirkula522<\/a> no Instagram) para conversar sobre a import\u00e2ncia da constru\u00e7\u00e3o de um veganismo popular e interseccional, alinhado ao ecossocialismo de forma revolucion\u00e1ria. Confira nosso destaque no instagram com trechos do evento <a href=\"https:\/\/www.instagram.com\/stories\/highlights\/18076206151154859\/\">aqui<\/a>.<\/p>\n\n\n\n<p><\/p>\n\n\n\n<hr class=\"wp-block-separator\" \/>\n<\/div><\/div>\n\n\n\n<p><\/p>\n\n\n\n<div class=\"wp-block-group\"><div class=\"wp-block-group__inner-container is-layout-flow wp-block-group-is-layout-flow\">\n<h3 class=\"has-text-align-left wp-block-heading\"><strong>Encontro Virtual de Estudos sobre as Origens do Especismo<\/strong><\/h3>\n\n\n\n<div class=\"wp-block-image is-style-default\"><figure class=\"aligncenter size-large is-resized\"><img loading=\"lazy\" decoding=\"async\" src=\"https:\/\/mova.noblogs.org\/files\/2021\/03\/image.png\" alt=\"\" class=\"wp-image-456\" width=\"429\" height=\"325\" \/><figcaption>Parte da apresenta\u00e7\u00e3o de slides que foi utilizada para guiar o debate. <\/figcaption><\/figure><\/div>\n\n\n\n<p>No dia 5 de agosto de 2020, o MOVA realizou um encontro online aberto para conversarmos e debatermos sobre as origens do especismo, a fim de entendermos melhor quais as bases da luta do veganismo e, assim, buscar compreender quais estrat\u00e9gias e t\u00e1ticas focam na liberta\u00e7\u00e3o animal. Contamos com um material de apoio que contou com a presen\u00e7a do texto &#8220;XVIII Teses sobre Marxismo e Liberta\u00e7\u00e3o Animal&#8221;. Esse texto voc\u00ea pode encontrar na nossa p\u00e1gina de materiais <a href=\"https:\/\/mova.noblogs.org\/?page_id=340\">aqui<\/a>.<\/p>\n\n\n\n<p><\/p>\n\n\n\n<hr class=\"wp-block-separator\" \/>\n<\/div><\/div>\n\n\n\n<div class=\"wp-block-group\"><div class=\"wp-block-group__inner-container is-layout-flow wp-block-group-is-layout-flow\">\n<p><\/p>\n\n\n\n<h3 class=\"has-text-align-left wp-block-heading\"><strong>Forma\u00e7\u00f5es Internas<\/strong><\/h3>\n\n\n\n<div class=\"wp-block-image is-style-rounded\"><figure class=\"aligncenter size-large is-resized\"><img loading=\"lazy\" decoding=\"async\" src=\"https:\/\/mova.noblogs.org\/files\/2021\/03\/WhatsApp-Image-2021-03-07-at-18.06.41-1024x634.jpeg\" alt=\"\" class=\"wp-image-461\" width=\"428\" height=\"261\" \/><figcaption>Alguns materiais utilizados.<\/figcaption><\/figure><\/div>\n\n\n\n<p class=\"has-text-align-left\">Prezamos muito pela nossa forma\u00e7\u00e3o como militantes, por isso realizamos encontros tem\u00e1ticos internos tamb\u00e9m. J\u00e1 realizamos forma\u00e7\u00f5es sobre Cultura do Cuidado, Seguran\u00e7a Digital, entre outras pautas importantes para as vida militante. Alguns desses materiais podem ser encontrados na nossa pa\u01f5ina de materiais <a href=\"https:\/\/mova.noblogs.org\/?page_id=340\">aqui<\/a>.<\/p>\n\n\n\n<p><\/p>\n\n\n\n<hr class=\"wp-block-separator is-style-wide\" \/>\n\n\n\n<h1 class=\"has-text-align-center wp-block-heading\"><strong>Participa\u00e7\u00e3o na Uni\u00e3o Vegana de Ativismo (UVA)<\/strong><\/h1>\n\n\n\n<div class=\"wp-block-image\"><figure class=\"aligncenter size-large\"><img loading=\"lazy\" decoding=\"async\" width=\"225\" height=\"225\" src=\"https:\/\/mova.noblogs.org\/files\/2021\/05\/images.jpeg\" alt=\"\" class=\"wp-image-547\" srcset=\"https:\/\/mova.noblogs.org\/files\/2021\/05\/images.jpeg 225w, https:\/\/mova.noblogs.org\/files\/2021\/05\/images-150x150.jpeg 150w, https:\/\/mova.noblogs.org\/files\/2021\/05\/images-100x100.jpeg 100w\" sizes=\"auto, (max-width: 225px) 100vw, 225px\" \/><\/figure><\/div>\n\n\n\n<p>V\u00e1rias pessoas que integram o MOVA s\u00e3o tamb\u00e9m associadas \u00e0 Uni\u00e3o Vegana de Ativismo (UVA) e ajudam na sua constru\u00e7\u00e3o. Contamos com representantes nas diversas esferas e grupos da rede, desde o Conselho Gestor, grupos provis\u00f3rios at\u00e9 os Grupos de Trabalho (GTs).<\/p>\n\n\n\n<p>Hoje a UVA conta com 6 GTs:<\/p>\n\n\n\n<ul class=\"wp-block-list\"><li>Acolhimento &#8211; faz o trabalho de acolhimento de novas pessoas e coletivos, al\u00e9m do acompanhamento de nosses militantes<\/li><li>Culin\u00e1ria &#8211; trata de conte\u00fados e projetos de alimenta\u00e7\u00e3o vegana<\/li><li>ENUVA &#8211; organiza as decis\u00f5es relacionadas ao nosso evento principal e atua em sua organiza\u00e7\u00e3o (Encontro Nacional da Uni\u00e3o Vegana de Ativismo)<\/li><li>Forma\u00e7\u00e3o Pol\u00edtica &#8211; lida com conte\u00fados e metodologias necess\u00e1rias para nossa forma\u00e7\u00e3o enquanto ativistas veganes populares\/interseccionais<\/li><li>Incid\u00eancia Pol\u00edtica &#8211; acompanha as candidaturas eleitas que declararam compromisso com o veganismo popular<\/li><li>Redes Sociais &#8211; produz materiais para alimentar as redes sociais da UVA e faz o gerenciamento das mesmas<\/li><\/ul>\n\n\n\n<p>Buscamos ter ao menos uma pessoa do MOVA em cada um dos GTs, a fim de manter o coletivo a par das atividades da UVA e possibilitar que nos posicionemos sobre suas demandas quando necess\u00e1rio.<\/p>\n<\/div><\/div>\n\n\n\n<hr class=\"wp-block-separator is-style-wide\" \/>\n\n\n\n<div class=\"wp-block-group\"><div class=\"wp-block-group__inner-container is-layout-flow wp-block-group-is-layout-flow\">\n<p><\/p>\n\n\n\n<p><\/p>\n\n\n\n<h1 class=\"has-text-align-center wp-block-heading\"><strong>Atua\u00e7\u00e3o a partir da Declara\u00e7\u00e3o de Compromisso com o Veganismo Popular da Uni\u00e3o Vegana de Ativismo<\/strong><\/h1>\n\n\n\n<p>Em 2020, ano de elei\u00e7\u00f5es municipais, a UVA lan\u00e7ou uma <a href=\"https:\/\/uniaovegana.org\/declaracao-de-compromisso-com-o-veganismo-popular-eleicoes-2020\/\">Declara\u00e7\u00e3o de Compromisso com o Veganismo Popular<\/a>. Foram defendidas 18 pautas priorit\u00e1rias, elencadas em 4 eixos tem\u00e1ticos. Em Porto Alegre, foram eleitos dois vereadores que assinaram essa declara\u00e7\u00e3o. N\u00f3s entramos em contato com eles a fim de consolidar essa articula\u00e7\u00e3o e j\u00e1 estamos colhendo bons frutos a partir disso!<\/p>\n\n\n\n<h3 class=\"wp-block-heading\"><strong>Cria\u00e7\u00e3o de Projetos de Lei com o mandato do vereador Leonel Radde<\/strong><\/h3>\n\n\n\n<p>Participantes da gest\u00e3o e da aproxima\u00e7\u00e3o do MOVA se juntaram em um grupo para estudar  Leis Ordin\u00e1rias, Leis Complementares e Decretos. Utilizando como base a legisla\u00e7\u00e3o j\u00e1 existente em Porto Alegre e tamb\u00e9m em outros munic\u00edpios, como Florian\u00f3polis, iniciou-se a elabora\u00e7\u00e3o de Projetos de Lei relacionados \u00e0 causa animal e ao veganismo popular. <\/p>\n\n\n\n<ul class=\"wp-block-list\"><li><a rel=\"noreferrer noopener\" href=\"https:\/\/www.camarapoa.rs.gov.br\/processos\/136498\" data-type=\"URL\" data-id=\"https:\/\/www.camarapoa.rs.gov.br\/processos\/136498\" target=\"_blank\">Projeto de Lei n\u00ba 152\/21<\/a>: prop\u00f5e proibir em definitivo a produ\u00e7\u00e3o, distribui\u00e7\u00e3o, comercializa\u00e7\u00e3o e disponibiliza\u00e7\u00e3o do produto <em>foie gras<\/em> nos restaurantes e estabelecimentos comerciais do munic\u00edpio de Porto Alegre.\u2063<\/li><\/ul>\n\n\n\n<h3 class=\"wp-block-heading\"><strong>Frente Cidade &amp; Ecologia do mandato-movimento do vereador Matheus Gomes<\/strong><\/h3>\n\n\n\n<p>A candidatura do Vereador Matheus Gomes foi constru\u00edda por v\u00e1rias frentes, entre as quais a Frente Cidade &amp; Ecologia, que construiu um programa sobre moradia, mobilidade urbana, saneamento ambiental, seguran\u00e7a e soberania alimentar para a cidade de Porto Alegre.<\/p>\n\n\n\n<p>Foi na Frente Cidade &amp; Ecologia que se discutiu e se aprovou a assinatura da Declara\u00e7\u00e3o de Compromisso com o Veganismo Popular, elaborada pela UVA, o que deu in\u00edcio \u00e0 articula\u00e7\u00e3o entre o MOVA e o Mandato-Movimento.<\/p>\n\n\n\n<p>Entre os grupos que compuseram e seguem na frente est\u00e3o o MST, o MTST, o coletivo Afronte, algumas tend\u00eancias internas do PSOL, como a Primavera Socialista, o Subverta e a Resist\u00eancia, o Comit\u00ea de Combate \u00e0 Megaminera\u00e7\u00e3o etc.<\/p>\n\n\n\n<p>Em 2021, a Frente Cidade &amp; Ecologia continua ativa e segue pautando o Mandato-Movimento nas quest\u00f5es a ela relacionadas. A Frente \u00e9 um espa\u00e7o de encontro e formula\u00e7\u00f5es acerca de temas essenciais na busca pela liberta\u00e7\u00e3o animal, por isso o MOVA foi convidado a fazer parte dela. A rela\u00e7\u00e3o entre a Frente e o mandato permite facilitar o encaminhamento de proposi\u00e7\u00f5es para a atua\u00e7\u00e3o dentro e fora do Parlamento, sugerir projetos de lei, pedidos de provid\u00eancias, articular reuni\u00f5es com secretarias etc.<\/p>\n\n\n\n<h3 class=\"wp-block-heading\"><strong>Conselho Pol\u00edtico do mandato-movimento do Vereador Matheus Gomes<\/strong><\/h3>\n\n\n\n<p>Ao ser convidado para se somar \u00e0 Frente Cidade &amp; Ecologia, o MOVA tamb\u00e9m foi convidado a participar e hoje comp\u00f5e o Conselho Pol\u00edtico do Mandato-Movimento, que \u00e9 composto por diversos parceiros da campanha e tem a finalidade de discutir quest\u00f5es estrat\u00e9gicas para o mandato, sugerir diretrizes que ele deva seguir, debater a rela\u00e7\u00e3o do mandato com a pauta ecossocialista, com a pauta antirracista, com a pauta da liberta\u00e7\u00e3o animal, com a pauta da produ\u00e7\u00e3o org\u00e2nica de alimentos etc.<\/p>\n\n\n\n<p>De forma ampla, o objetivo do Conselho Pol\u00edtico \u00e9 a formula\u00e7\u00e3o de pol\u00edticas para intervir na realidade a fim de caminharmos para a constru\u00e7\u00e3o de uma sociedade verdadeiramente justa e igualit\u00e1ria. A presen\u00e7a do MOVA nesse espa\u00e7o permite o apoio direto \u00e0s pautas elencadas na Declara\u00e7\u00e3o de Compromisso com o Veganismo Popular.<\/p>\n\n\n\n<hr class=\"wp-block-separator is-style-wide\" \/>\n\n\n\n<h1 class=\"has-text-align-center wp-block-heading\"><strong>Campanha de Luta por Vida Digna (CLVD)<\/strong><\/h1>\n\n\n\n<p>Durante aproximadamente um ano (metade de 2020 &#8211; metade de 2021), o MOVA fez parte da Campanha de Luta por Vida Digna.<\/p>\n\n\n\n<h3 class=\"has-text-align-left wp-block-heading\"><strong>Assinatura da Carta-Manifesto da Campanha de Luta por Vida Digna<\/strong><\/h3>\n\n\n\n<div class=\"wp-block-image is-style-rounded\"><figure class=\"aligncenter is-resized\"><img loading=\"lazy\" decoding=\"async\" src=\"http:\/\/reporterpopular.com.br\/wp-content\/uploads\/2020\/05\/capacvd-1024x1024.jpg\" alt=\"\" class=\"wp-image-14081\" width=\"231\" height=\"231\" \/><figcaption>Logo da campanha.<\/figcaption><\/figure><\/div>\n\n\n\n<p class=\"has-text-align-left\">Trecho retirado do site do <a href=\"http:\/\/reporterpopular.com.br\/vidadigna\/\">Rep\u00f3rter Popular<\/a>: <em>&#8220;No dia 26 de maio de 2020, dezenas de grupos, organiza\u00e7\u00f5es e movimentos sociais ao longo de todo o territ\u00f3rio nacional lan\u00e7aram a Campanha de Luta por Vida Digna, atrav\u00e9s de uma carta-manifesto. O documento conta com 13 eixos de luta, que giram em torno de uma pauta emergencial no combate \u00e0 pandemia do novo coronav\u00edrus. E pensando num horizonte p\u00f3s-pand\u00eamico, visa contribuir para o enraizamento da luta dos de baixo, segundo os princ\u00edpios de solidariedade, apoio m\u00fatuo e a\u00e7\u00e3o direta, com o objetivo de construir um povo forte e combativo, mobilizado na luta por vida digna.&#8221;<\/em><\/p>\n\n\n\n<p><\/p>\n\n\n\n<hr class=\"wp-block-separator\" \/>\n\n\n\n<p><\/p>\n<\/div><\/div>\n\n\n\n<div class=\"wp-block-group\"><div class=\"wp-block-group__inner-container is-layout-flow wp-block-group-is-layout-flow\">\n<h3 class=\"has-text-align-left wp-block-heading\"><strong>Arrecada\u00e7\u00e3o de Cestas de Alimentos &#8211; Apoio \u00e0 Campanha de Luta por Vida Digna<\/strong> <\/h3>\n\n\n\n<div class=\"wp-block-image is-style-rounded\"><figure class=\"aligncenter size-large is-resized\"><img loading=\"lazy\" decoding=\"async\" src=\"https:\/\/mova.noblogs.org\/files\/2021\/03\/Captura-de-tela-de-2021-03-07-17-48-50-1024x576.png\" alt=\"\" class=\"wp-image-459\" width=\"418\" height=\"233\" \/><figcaption>Print do v\u00eddeo sobre a\u00e7\u00e3o do dia 12 de setembro de 2020. <\/figcaption><\/figure><\/div>\n\n\n\n<p class=\"has-text-align-left\">Em apoio \u00e0 Campanha de Luta por uma Digna, o MOVA organizou a arrecada\u00e7\u00e3o de mais de 100 cestas de alimentos, que s\u00e1bado foram distribu\u00eddos para fam\u00edlias do Morro Santana, em parceria com o Clube de M\u00e3es da Periferia. <a href=\"https:\/\/www.instagram.com\/p\/CFH4_X1hJPJ\/\" data-type=\"URL\" data-id=\"https:\/\/www.instagram.com\/p\/CFH4_X1hJPJ\/\">Link do post com o v\u00eddeo.<\/a><\/p>\n\n\n\n<p><\/p>\n\n\n\n<hr class=\"wp-block-separator is-style-wide\" \/>\n<\/div><\/div>\n\n\n\n<p><\/p>\n\n\n\n<h1 class=\"has-text-align-center wp-block-heading\"><strong>Produ\u00e7\u00e3o de Conte\u00fado<\/strong><\/h1>\n\n\n\n<div class=\"wp-block-group\"><div class=\"wp-block-group__inner-container is-layout-flow wp-block-group-is-layout-flow\">\n<h3 class=\"wp-block-heading\"><strong>Materiais para Distribui\u00e7\u00e3o<\/strong><\/h3>\n\n\n\n<ul class=\"wp-block-list\"><li><strong>Ativismo Sustent\u00e1vel \u2013 Prevenindo o esgotamento<\/strong><\/li><\/ul>\n\n\n\n<div class=\"wp-block-image is-style-default\"><figure class=\"aligncenter is-resized\"><img loading=\"lazy\" decoding=\"async\" src=\"https:\/\/mova.noblogs.org\/files\/2021\/04\/image-300x294.png\" alt=\"\" class=\"wp-image-513\" width=\"317\" height=\"311\" srcset=\"https:\/\/mova.noblogs.org\/files\/2021\/04\/image-300x294.png 300w, https:\/\/mova.noblogs.org\/files\/2021\/04\/image.png 585w\" sizes=\"auto, (max-width: 317px) 100vw, 317px\" \/><figcaption>Capa do eBook<\/figcaption><\/figure><\/div>\n\n\n\n<p>Esse material idealizado pelo Mova \u00e9 uma adapta\u00e7\u00e3o do livreto &#8220;Sustainable Activism &amp; Avoidig Burnout&#8221;, do Activist Trauma. A tradu\u00e7\u00e3o foi feita por Bert Brew e a diagrama\u00e7\u00e3o foi feita pela Bianca (oneub@protonmail.com).\u2063<\/p>\n\n\n\n<p>Achamos essencial trazer essa discuss\u00e3o por que o Burnout, ou Esgotamento, \u00e9 uma quest\u00e3o pol\u00edtica e de movimento\/ativismo. Todos os anos, ativistas comprometides sofrem e abandonam nossa comunidade porque acabam ficando esgotades, por isso \u00e9 essencial que pensemos formas de superar essa&nbsp;quest\u00e3o.<\/p>\n\n\n\n<h3 class=\"has-text-align-left wp-block-heading\"><strong>Elei\u00e7\u00f5es Municipais 2020<\/strong><\/h3>\n\n\n\n<div class=\"wp-block-image is-style-default\"><figure class=\"aligncenter size-large is-resized\"><img loading=\"lazy\" decoding=\"async\" src=\"https:\/\/mova.noblogs.org\/files\/2021\/02\/image-5.png\" alt=\"\" class=\"wp-image-381\" width=\"428\" height=\"513\" srcset=\"https:\/\/mova.noblogs.org\/files\/2021\/02\/image-5.png 501w, https:\/\/mova.noblogs.org\/files\/2021\/02\/image-5-251x300.png 251w\" sizes=\"auto, (max-width: 428px) 100vw, 428px\" \/><figcaption>Algumas das postagens que realizamos durante o per\u00edodo<\/figcaption><\/figure><\/div>\n\n\n\n<p>Durante o per\u00edodo eleitoral de 2020, realizamos uma s\u00e9rie de postagens explicativas sobre a pol\u00edtica partid\u00e1ria brasileira, al\u00e9m de problematiza\u00e7\u00f5es sobre o tema. <\/p>\n\n\n\n<p>Tamb\u00e9m entramos em contato com diversas candidaturas com o intuito de que conhecessem e, caso houvesse concord\u00e2ncia, assinassem a <a href=\"https:\/\/uniaovegana.org\/declaracao-de-compromisso-com-o-veganismo-popular-eleicoes-2020\/\" data-type=\"URL\" data-id=\"https:\/\/uniaovegana.org\/declaracao-de-compromisso-com-o-veganismo-popular-eleicoes-2020\/\">Carta de Declara\u00e7\u00e3o de Compromisso com o Veganismo Popular, elaborada pela Uni\u00e3o Vegana de Ativismo.<\/a><\/p>\n\n\n\n<p> J\u00e1 para as candidaturas que assinaram a carta, enviamos uma s\u00e9rie de perguntas sobre programas pol\u00edticos, comprometimento com a causa, rela\u00e7\u00e3o do partido coma pauta etc. Os &#8220;v\u00eddeos resposta&#8221; foram compartilhados em nosso Instagram (atualmente eles est\u00e3o arquivados).<\/p>\n\n\n\n<p><\/p>\n\n\n\n<hr class=\"wp-block-separator\" \/>\n<\/div><\/div>\n\n\n\n<div class=\"wp-block-group\"><div class=\"wp-block-group__inner-container is-layout-flow wp-block-group-is-layout-flow\">\n<div class=\"wp-block-group\"><div class=\"wp-block-group__inner-container is-layout-flow wp-block-group-is-layout-flow\">\n<p><\/p>\n\n\n\n<h3 class=\"has-text-align-left wp-block-heading\"><strong>Solidariedade<\/strong><\/h3>\n\n\n\n<div class=\"wp-block-image is-style-default\"><figure class=\"aligncenter size-large\"><img loading=\"lazy\" decoding=\"async\" width=\"568\" height=\"475\" src=\"https:\/\/mova.noblogs.org\/files\/2021\/02\/image-6-e1615058791537.png\" alt=\"\" class=\"wp-image-382\" srcset=\"https:\/\/mova.noblogs.org\/files\/2021\/02\/image-6-e1615058791537.png 568w, https:\/\/mova.noblogs.org\/files\/2021\/02\/image-6-e1615058791537-300x251.png 300w\" sizes=\"auto, (max-width: 568px) 100vw, 568px\" \/><figcaption>Nosso cronograma de postagens (de abril de 2020 a agosto de 2020). <\/figcaption><\/figure><\/div>\n\n\n\n<p class=\"has-text-align-left\">No in\u00edcio do per\u00edodo de isolamento social, reformulamos nosso cronograma de postagens para incluir o compartilhamento de iniciativas individuais (de pessoas veganas) e coletivas (de organiza\u00e7\u00f5es e projetos) como forma de apoio durante essa reestrutura\u00e7\u00e3o provocada pela pandemia.<\/p>\n\n\n\n<p class=\"has-text-align-left\">Atualmente continuamos a divulgar campanhas e projetos levantados por movimentos, coletivos e organiza\u00e7\u00f5es. Prezamos muito pela consolida\u00e7\u00e3o de la\u00e7os de apoio e solidariedade!<\/p>\n\n\n\n<p><\/p>\n\n\n\n<hr class=\"wp-block-separator\" \/>\n\n\n\n<p><\/p>\n<\/div><\/div>\n\n\n\n<div class=\"wp-block-group\"><div class=\"wp-block-group__inner-container is-layout-flow wp-block-group-is-layout-flow\">\n<h3 class=\"has-text-align-left wp-block-heading\"><strong>Forma\u00e7\u00e3o e Reflex\u00e3o sobre Veganismo<\/strong><\/h3>\n\n\n\n<div class=\"wp-block-image\"><figure class=\"aligncenter size-large is-resized\"><img loading=\"lazy\" decoding=\"async\" src=\"https:\/\/mova.noblogs.org\/files\/2021\/03\/Captura-de-tela-de-2021-03-07-18-15-29.png\" alt=\"\" class=\"wp-image-462\" width=\"428\" height=\"425\" srcset=\"https:\/\/mova.noblogs.org\/files\/2021\/03\/Captura-de-tela-de-2021-03-07-18-15-29-150x150.png 150w, https:\/\/mova.noblogs.org\/files\/2021\/03\/Captura-de-tela-de-2021-03-07-18-15-29-100x100.png 100w\" sizes=\"auto, (max-width: 428px) 100vw, 428px\" \/><figcaption>Algumas das postagens que realizamos<\/figcaption><\/figure><\/div>\n\n\n\n<p class=\"has-text-align-left\">A cada semana, trazemos uma postagem tem\u00e1tica que abrange algum dos diversos conte\u00fados dentro da esfera do veganismo pol\u00edtico e anticapitalista: conceitos, problematiza\u00e7\u00f5es, reflex\u00f5es, debates, opini\u00f5es sobre not\u00edcias, materiais de apoio, sugest\u00f5es de a\u00e7\u00e3o. Enfim, todo e qualquer debate que agregue na constru\u00e7\u00e3o de um veganismo popular, focado na liberta\u00e7\u00e3o animal!<\/p>\n\n\n\n<h2 class=\"has-text-align-center wp-block-heading\"><a href=\"https:\/\/mova.noblogs.org\/?page_id=75\" data-type=\"URL\" data-id=\"https:\/\/mova.noblogs.org\/?page_id=75\"><strong>Venha construir a hist\u00f3ria do MOVA e atuar junto conosco!<\/strong><\/a><\/h2>\n\n\n\n<p> <\/p>\n<\/div><\/div>\n<\/div><\/div>\n","protected":false},"excerpt":{"rendered":"<p>Como o MOVA foi oficialmente formado em outubro de 2019, a maior parte de sua exist\u00eancia se deu dentro da pandemia do coronav\u00edrus. Mesmo assim, durante os anos que se passaram, conseguimos nos engajar em diversas a\u00e7\u00f5es. Aqui voc\u00ea pode conhecer um pouco mais do trabalho que estamos fazendo e entender como atuamos. Eventos Promovidos &hellip; <\/p>\n<p class=\"link-more\"><a href=\"https:\/\/mova.noblogs.org\/?page_id=369\" class=\"more-link\">Continue reading<span class=\"screen-reader-text\"> &#8220;Atua\u00e7\u00e3o&#8221;<\/span><\/a><\/p>\n","protected":false},"author":15244,"featured_media":0,"parent":0,"menu_order":0,"comment_status":"closed","ping_status":"closed","template":"","meta":{"_locale":"pt_BR","_original_post":"http:\/\/mova.noblogs.org\/?page_id=369","footnotes":""},"class_list":["post-369","page","type-page","status-publish","hentry","pt-BR"],"_links":{"self":[{"href":"https:\/\/mova.noblogs.org\/index.php?rest_route=\/wp\/v2\/pages\/369","targetHints":{"allow":["GET"]}}],"collection":[{"href":"https:\/\/mova.noblogs.org\/index.php?rest_route=\/wp\/v2\/pages"}],"about":[{"href":"https:\/\/mova.noblogs.org\/index.php?rest_route=\/wp\/v2\/types\/page"}],"author":[{"embeddable":true,"href":"https:\/\/mova.noblogs.org\/index.php?rest_route=\/wp\/v2\/users\/15244"}],"replies":[{"embeddable":true,"href":"https:\/\/mova.noblogs.org\/index.php?rest_route=%2Fwp%2Fv2%2Fcomments&post=369"}],"version-history":[{"count":21,"href":"https:\/\/mova.noblogs.org\/index.php?rest_route=\/wp\/v2\/pages\/369\/revisions"}],"predecessor-version":[{"id":548,"href":"https:\/\/mova.noblogs.org\/index.php?rest_route=\/wp\/v2\/pages\/369\/revisions\/548"}],"wp:attachment":[{"href":"https:\/\/mova.noblogs.org\/index.php?rest_route=%2Fwp%2Fv2%2Fmedia&parent=369"}],"curies":[{"name":"wp","href":"https:\/\/api.w.org\/{rel}","templated":true}]}}